 Give w(j).
11
Let s(h) be the second derivative of -h**4/12 - 2*h**3/3 + 65*h. Let f be s(-3). Let m(b) = 2 - b**2 - 2 + 6*b - 3. Give m(f).
6
Let j be 5 + (-4 + 80)/4. Let s be (-2)/4 - (-2268)/j. Let o = s - 96. Let q(d) = d**2 - 2*d - 3. What is q(o)?
5
Let y(i) = i**3 + 3*i**2 - 3*i + 4. Let p(c) = -7*c - 24. Let l be p(-4). Suppose -28 = 5*q + 5*n + 12, 3*q = 4*n + l. Determine y(q).
0
Let y(t) be the second derivative of t**6/20 - t**5/60 - t**4/24 + t**3/6 + 85*t**2/2 + 39*t. Let x(d) be the first derivative of y(d). Calculate x(1).
5
Suppose 14 = 4*s - 10. Let i(p) be the third derivative of 0 - 173*p**2 + 0*p - 1/60*p**5 + 1/6*p**4 + p**3. What is i(s)?
-6
Suppose 0 = 59*t + 48*t + 27*t. Let g(b) be the third derivative of 0*b + t - 33*b**2 - 1/24*b**4 + 7/6*b**3. Determine g(10).
-3
Let r(j) = -j**2 + 3*j + 2. Let l be (-6*8/(-72))/((-4)/(-186)). Suppose -4*v - l = 2*o - 5*o, 0 = 4*o - 3*v - 32. What is r(o)?
-8
Let o(m) = 8*m**2 + 5*m + 4. Let l(b) = -2*b + 23*b**2 - 14*b**2 - 10*b**2. Let y(u) = 6*l(u) + o(u). Determine y(4).
8
Let k(u) be the second derivative of u**5/20 - u**4/4 + u**3 - 2*u**2 - u + 1584. Calculate k(1).
0
Let h(b) = b**2 + 11*b - 26. Suppose -67 = 4*i - 15. Let r be h(i). Let y(g) = g**3 - g**2 + 2 + 3*g**2 - g**2. Determine y(r).
2
Let j = -39 + 224. Let q = 182 - j. Let w(b) = -2*b + 4. What is w(q)?
10
Let f(v) = 5*v - 3. Let n(w) = w. Let k(z) = -f(z) + 4*n(z). Suppose 3*c - 9 = 0, 7*h + 3*c = 5*h + 73. Let u be (2 - 7)*5/(200/h). Give k(u).
7
Suppose 0*h = 5*h + 55. Let d(p) be the third derivative of p**4/24 + 4*p**3/3 - 2108*p**2 - 1. Calculate d(h).
-3
Suppose a + 24*y - 10 = 22*y, -8*y = 5*a - 46. Let v(n) = 4*n**2 - 26*n - 2. Give v(a).
-14
Let x(y) = 2*y - 10*y**2 - 5*y + 4*y. Suppose -13 = -4*n + 2*m - 19, 2*m - 10 = 0. Give x(n).
-9
Let u(f) be the second derivative of f**5/40 - 5*f**4/12 + 11*f**3/6 - 3*f**2/2 - 167*f. Let o(k) be the second derivative of u(k). Calculate o(5).
5
Let a = -1006 + 1012. Let b(j) = 0*j**2 + 6*j**2 - 8*j**2 - 6 + 8*j. What is b(a)?
-30
Suppose 35 = 5*f, 2*f = -4*s - s - 1. Let r(w) be the third derivative of w**5/60 + w**3/3 + 2*w**2. Determine r(s).
11
Suppose -1324 - 436 = 5*m. Let s = -346 - m. Let w(r) be the third derivative of r**6/120 - r**5/12 - r**4/3 + r**3 - r**2. Determine w(s).
-6
Let d be (6 + -10 + 1)*-3. Let q(c) = 16 + 3*c**2 - d - 8 + 2*c**2. Give q(2).
19
Let h = 415 - 416. Let g(f) = -f - 2. Let u(q) = -2*q**3 - 11*q**2 - 6*q - 2. Let y(r) = h*u(r) + 2*g(r). What is y(-5)?
3
Let i(f) = -71*f + 306. Let u(m) = -36*m + 148. Let y(v) = 2*i(v) - 5*u(v). What is y(3)?
-14
Let r(k) be the first derivative of -5*k**3/3 - 17*k**2 + 10*k - 1291. Give r(-8).
-38
Let n(j) = 6 + 4*j**2 - 25*j**3 + 38*j**3 + j - 11*j**3 - j**3. Give n(-5).
-24
Let y(h) = -3 + 0 + 2. Let q(a) = -7*a + 31. Let w(g) = -5*g + 22. Let n(m) = 8*q(m) - 11*w(m). Let l(u) = -n(u) - 5*y(u). Give l(1).
0
Let g(i) be the second derivative of -i**5/20 - i**4/4 + i**3/6 - i**2/2 - 22*i + 33. Let b = 4 + -7. Give g(b).
-4
Let j be 6 + 13 - (3 - 6). Suppose 3*k + 15 = 5*l, k + 19 = -l + j. Let q(i) = 4*i - 5. Calculate q(l).
7
Let c(t) be the third derivative of t**5/30 - 7*t**4/12 - t**3/3 - 16*t**2 - 2*t + 40. Give c(6).
-14
Suppose 159*f + 80 = 163*f - 4*w, -w = -4*f + 65. Let j(y) = -10*y + 15*y + 13*y - y**2 - 2*y - 15. Determine j(f).
0
Let y(k) = k**2 - 7*k - 17. Let n be y(-2). Let g(v) = -4*v**2 + 3*v**2 + v**3 - 6*v**2 + n - v**2 - 3. Let i be (-2 - (-20)/6)*6. What is g(i)?
-2
Let w(m) be the second derivative of m**4/6 + 7*m**3/3 - 5*m**2/2 - 3*m - 814. Determine w(-8).
11
Suppose -41*q = -59*q + 36. Let x(y) = -2*y**3 + 4*y**2 - 4. Determine x(q).
-4
Let n(o) = o**3 - 5*o**2 - 6*o + 6. Let q be 6/3*31/2. Suppose q = 2*c - 13. Suppose -2*m + c = 10. Calculate n(m).
6
Let r(q) = -368 - 14*q**2 + 198 + 53*q**2 + 10*q + q**3 + 23*q. Calculate r(-38).
20
Suppose d + 4 = -2*u - 261, -2*u - 262 = 4*d. Let h = u + 136. Let q(z) = 10*z - 4. Give q(h).
26
Let i(n) = 2 - n**2 - 5*n + 4 + 2*n. Suppose -47*a + 5*a = 252. Give i(a).
-12
Suppose -k + 2 = -5*y, -44*k = -45*k + 4*y + 3. Let x(r) = r**2 - 10*r + 13 + 8 - 5. Determine x(k).
-5
Let i(z) be the first derivative of 2*z**3/3 + 17*z**2/2 - 4*z + 22. Let j be i(-9). Suppose 5*o - j = 5. Let d(v) = 5*v - 1. What is d(o)?
9
Let z(b) be the first derivative of b**6/180 + 13*b**5/120 - b**4/6 + 149*b**3/3 - 89. Let r(g) be the third derivative of z(g). Give r(-7).
3
Let f(s) be the second derivative of s**5/20 + 5*s**4/6 - 11*s**3/6 - 9*s**2/2 + 2129*s. Calculate f(-11).
-9
Let a(x) = 6*x - 14 - 26*x + 16*x + 17*x - 3. Determine a(9).
100
Let j(n) = n**2 - 13*n + 4. Let y be (((-24)/(-16))/((-9)/144))/(-2). Determine j(y).
-8
Let l(x) = -x**3 + x**2 - x - 1. Suppose 2*w - 7*w = -180. Let n = w + -38. Let p(y) = -3*y**3 + 7*y**2 - y - 8. Let t(b) = n*l(b) + p(b). Give t(5).
-1
Let u(c) = 2*c**3 - 30*c**2 + 22*c + 96. Let p be u(14). Let h(v) = v**3 - 13*v**2 + 14*v - 5. What is h(p)?
19
Let z(l) = l + 1. Let m = 166 + -291. Let w = 78 + m. Let j = -45 - w. Give z(j).
3
Let c(x) = -8 + 8*x**2 + 24 - 4*x - 20. What is c(-3)?
80
Let j = 8 - 0. Let i(a) = -11*a + 3. Let z(x) = 72 + 69 + 66 - 204 - 13*x. Let t(w) = 6*i(w) - 5*z(w). What is t(j)?
-5
Let a(p) = -30*p - 68. Let g(x) = 11*x + 23. Let s = -473 - -465. Let i(t) = s*g(t) - 3*a(t). Determine i(-9).
2
Let h = -73 + 60. Let v be (-1 + 3)*(h/2 + 6). Let b be 0/(3 + v + 0). Let g(z) = -z**3 + z**2 + 3. Determine g(b).
3
Let d(t) = 3*t - 44. Let m be (-3)/4 + -51*37/(-2516). Determine d(m).
-44
Let p(z) = z**2 + z - 1. Let o(q) = -q**3 - 3*q**2 + 8*q + 12. Let u(c) = -o(c) + 6*p(c). Let h be u(-9). Let b(v) = -v**2 + v + 15. Determine b(h).
15
Suppose 2771 = 37*x + 699. Let b be (-10 - (-351)/36)/((-2)/x). Let s(d) = 5 + 3*d**2 - 4*d**2 + 9*d**2 - d**3 - 7*d + 3. Determine s(b).
8
Let q(o) = -o**3 - 22*o - 7. Let h be q(0). Let d(s) = -s**3 - 6*s**2 + 9*s + 13. What is d(h)?
-1
Let q(k) = k + 3*k + 5 - 3*k. Let b(u) = -2*u**2 + 5*u - 4. Suppose -11*c + 12 = -21. Let d be b(c). Determine q(d).
-2
Let b(a) = -8*a - 31. Suppose -116*y = 38*y + 616. Determine b(y).
1
Let w(h) = -5 - 1 - 87*h + 88*h + 7. Let k(u) be the third derivative of 5*u**4/24 + u**3 + u**2. Let i(l) = -k(l) + 6*w(l). Calculate i(7).
7
Let z(u) = 39*u + u**3 - 12 + u**2 + 6*u**2 + 0*u**2 - 48*u. Suppose -2*d + d = 2*o + 16, -24 = 3*o + 5*d. Give z(o).
-4
Suppose -58*w + 25*w + 1716 = 0. Let f = 51 - w. Let h(b) = -6*b**2 + 2*b + 3. Give h(f).
-5
Let f(s) = -s - 2. Let l be 4 + 4*(3/(-1))/3. Suppose -3*c + 2*c + 4*v = -5, l = 5*c - 3*v - 42. Determine f(c).
-11
Let z(w) be the third derivative of -11*w**5/60 + 51*w**4/8 + 3*w**3 + 6*w**2 + 133. Give z(14).
4
Let r(o) be the first derivative of -21*o**2 - 18*o - 5194. Determine r(0).
-18
Suppose 2*u - 2*v = 12, v = -8*u + 6*u + 3. Let g(h) = 2 - 2 + 4*h**2 - 5*h + 3 - 1. Calculate g(u).
23
Suppose -6*c + 6 - 6 = 0. Suppose -b + 8*b - 49 = c. Let u(l) = 16*l - 11*l + b*l. What is u(1)?
12
Let w(c) = -10*c - 157. Let n be w(-21). Let i(u) = 54*u**2 - 24*u - n*u**2 - 2 + 25*u. Calculate i(-2).
0
Suppose 2*o + 33*f - 30*f - 7 = 0, 4*f - 4 = 0. Suppose -9*j + 2 = -3*z - 7*j, o*z = -4*j + 20. Let h(t) = t**3 - 2*t**2 - 1 - 2 + 2*t + 0. What is h(z)?
1
Let d = -10 - -7. Let g(v) = 3 + v**2 + 1 - 45*v + v**3 + 97*v - 2 - 50*v. Let h(k) = 3*k**3 + 4*k**2 + 6*k + 7. Let a(n) = d*h(n) + 8*g(n). What is a(-4)?
3
Let r(k) = -68*k + 375 + 0*k**2 - 1364*k**3 + 4101*k**3 - 1369*k**3 - 1370*k**3 + 125*k**2. What is r(62)?
3
Let x(o) be the first derivative of o**3/3 + 11*o**2 + 24*o - 1096. Determine x(-21).
3
Suppose 0 = h - 3 + 4. Let x be h*5*(-12)/(-12). Let v = x - -10. Let r(y) = y**3 - 5*y**2 + 2*y - 5. What is r(v)?
5
Suppose -3*i - 5 = -i + 13. Let r(g) = -g**3 - 12*g**2 - 28*g - 5. Give r(i).
4
Let m(c) = -c**2 + 2*c + 1. Let n be m(3). Let x be (n + -3)*(-14)/35. Let b(d) = -8*d**2 - 3*d + 3 + 16*d**2 - 7*d**x - 5. Determine b(3).
-2
Let y = -2031 + 2021. Let n(q) = -q**3 - 6*q**2 - 8*q - 19. Let v(u) = u**3 + 5*u**2 + 9*u + 20. Let c(p) = -5*n(p) - 4*v(p). Determine c(y).
-25
Let a(l) = -6*l - 43 + 17 - 42 - 20 - 21. Give a(-18).
-1
Let q(j) = j**3 + 11*j**2 - 4*j + 96. Let h be